e 11, what is 44 - -327593?
327627
In base 3, what is -2212 + 20102200120?
20102120201
In base 7, what is 421 + -1003145?
-1002424
In base 16, what is 824 + 53bc?
5be0
In base 10, what is -5 + 4532212?
4532207
In base 15, what is -1 + -504635d?
-504635e
In base 11, what is -7 + 14034310?
14034304
In base 7, what is -404 - 201661?
-202365
In base 2, what is 1010111 - -1101100011100000?
1101100100110111
In base 7, what is -11 + -1613640006?
-1613640020
In base 16, what is -cc3546 + 0?
-cc3546
In base 15, what is 24 - ed247?
-ed223
In base 11, what is 50878 - -34a?
51117
In base 9, what is -41084331 + 0?
-41084331
In base 3, what is -111210121 - 11100210?
-200011101
In base 7, what is 362 - 1511255?
-1510563
In base 8, what is 3 + 1373726425?
1373726430
In base 11, what is -4245048 + 5?
-4245043
In base 4, what is 30123210112 + 11031?
30123221203
In base 15, what is -7cadaea - 5?
-7cadb00
In base 6, what is -3325 + -20452413?
-20500142
In base 3, what is -122211102212012 + 1?
-122211102212011
In base 15, what is 3 + -26d5c3c?
-26d5c39
In base 4, what is 13102022 + -10011111?
3030311
In base 4, what is -1020132101023 - 11?
-1020132101100
In base 10, what is 4 + -1773470?
-1773466
In base 6, what is -254043041 - -4?
-254043033
In base 6, what is 44201212 + -2?
44201210
In base 7, what is -113 + 4520600?
4520454
In base 9, what is -40320717 + -18?
-40320736
In base 2, what is -11010101101110101110 + -11?
-11010101101110110001
In base 12, what is -15694 + -3a5b?
-19533
In base 8, what is -523 + 13661?
13136
In base 8, what is -171303 - 120?
-171423
In base 2, what is -10001010 + -100000001011011000101?
-100000001011101001111
In base 14, what is 2aca + 356?
3042
In base 16, what is -22c73a69 + -2?
-22c73a6b
In base 9, what is -218214 - -2044?
-216160
In base 12, what is 1 - 41542a0?
-415429b
In base 10, what is -2248 - 72?
-2320
In base 10, what is -581 - 69153?
-69734
In base 5, what is 22320 - 2100141?
-2022321
In base 16, what is 0 - -534580?
534580
In base 14, what is -991b5b + 1?
-991b5a
In base 9, what is -86607124 - -1?
-86607123
In base 7, what is -501150 - -601?
-500246
In base 12, what is -98b7 - -11b91?
4296
In base 5, what is 0 - 131444403404?
-131444403404
In base 5, what is -1203 - 1220231?
-1221434
In base 4, what is -1123001 + -30331?
-1213332
In base 3, what is 11 + -110101220110?
-110101220022
In base 13, what is 2c + -657a57a?
-657a54b
In base 11, what is 5 + 28495a76?
28495a80
In base 2, what is 11000110 - -11101001000110?
11101100001100
In base 2, what is -1000000000 - 1111100000011000?
-1111101000011000
In base 2, what is -100011111 - 1100111001100011?
-1100111110000010
In base 13, what is -8 + 83a23?
83a18
In base 15, what is 1685 - -178e0?
19075
In base 12, what is 3b78ab334 - -5?
3b78ab339
In base 15, what is -5 + 2bd4a21?
2bd4a1b
In base 8, what is 2336 - -12202?
14540
In base 3, what is -2100110101011212 - -10?
-2100110101011202
In base 8, what is 301717 - -1021?
302740
In base 9, what is 201 - 2845554?
-2845353
In base 3, what is -121200 - -1021212101?
1021020201
In base 12, what is -5 - -245164a?
2451645
In base 2, what is 10010110110111000100011 - 1?
10010110110111000100010
In base 3, what is -112222212021212 - 100?
-112222212022012
In base 16, what is 1788 - -926?
20ae
In base 15, what is -55c406 - 2a?
-55c431
In base 10, what is 3 - 115641366?
-115641363
In base 15, what is 0 - -13d7b6?
13d7b6
In base 11, what is 64972 + 886?
65748
In base 12, what is 3 + -223b831?
-223b82a
In base 15, what is 0 + -18965d7?
-18965d7
In base 11, what is 28730 - 406?
28325
In base 11, what is -347728583 + 1?
-347728582
In base 16, what is -f1 - -30cafe?
30ca0d
In base 2, what is 1100111101011 + 1001001000011?
10110000101110
In base 13, what is -cab44 + -983?
-cb7c7
In base 5, what is -3143 - -31144223?
31141030
In base 7, what is 112264 + -105?
112156
In base 8, what is 1034224 + 53?
1034277
In base 15, what is -3 - -40b9546?
40b9543
In base 8, what is 111011066 - 0?
111011066
In base 12, what is 47473b3 - 12?
47473a1
In base 12, what is -2 + -3666b42?
-3666b44
In base 10, what is 5 - 23593786?
-23593781
In base 4, what is -22 + 111300102?
111300020
In base 8, what is -2661 - -60245?
55364
In base 14, what is -15195 - -20?
-15175
In base 7, what is -2 + -331114114?
-331114116
In base 12, what is -9 + 3a90344?
3a90337
In base 2, what is 1100001110101011 + -101110110100101?
110011000000110
In base 9, what is 26 + -38864135?
-38864108
In base 13, what is c - -149265?
149274
In base 6, what is -44210333 + 3132?
-44203201
In base 12, what is b20 + 22094?
22bb4
In base 3, what is 1100 + -202111122010?
-202111120210
In base 8, what is -14046257 + 11?
-14046246
In base 5, what is -1441342 + 2230?
-1434112
In base 14, what is -122 + -3259d?
-326c1
In base 3, what is -1012012 + 10000112?
1211100
In base 9, what is 4 + -1852526?
-1852522
In base 11, what is 223865 - -131?
223996
In base 5, what is -221 + 1232403422?
1232403201
In base 14, what is 745 + 68c55?
6959a
In base 9, what is -8241 + -11265?
-20516
In base 3, what is -11112022021 - 1102?
-11112100200
In base 10, what is 5423672 + -15?
5423657
In base 9, what is -18016 + -1600?
-20616
In base 4, what is -1203220 - -123012133?
121202313
In base 9, what is 1 + 54211652?
54211653
In base 4, what is -3 + 2213201300113?
2213201300110
In base 5, what is -1121 - 242234?
-243410
In base 8, what is -1 + -137437562?
-137437563
In base 14, what is -576c - 1b?
-5789
In base 6, what is 3333 + -355340?
-352003
In base 10, what is -268 - -187?
-81
In base 2, what is -11 - 10001000100010101111001010?
-10001000100010101111001101
In base 6, what is -125302145 + 20?
-125302125
In base 2, what is -100000001001101000101101 + -101?
-100000001001101000110010
In base 2, what is -11100100 + 10101001101010?
10100110000110
In base 5, what is -120024 - -1211100?
1041021
In base 9, what is -24344 + 46?
-24287
In base 4, what is 1222113 + 23301?
1312020
In base 13, what is -6 + 24973b?
249735
In base 10, what is 96893609 - 0?
96893609
In base 16, what is 2 + 16393e?
163940
In base 12, what is 5a612 - 1763?
58a6b
In base 10, what is 37 + -72726?
-72689
In base 2, what is -10111011101111011100110111 - 0?
-10111011101111011100110111
In base 10, what is -26340 - 451?
-26791
In base 7, what is -143415562 - 11?
-143415603
In base 7, what is 2441431 - -213?
2441644
In base 7, what is 3 + -633531630?
-633531624
In base 3, what is 10 - 1100102111002?
-1100102110222
In base 13, what is -a7 - 8395?
-846c
In base 16, what is -6f1b773 + 3?
-6f1b770
In base 10, what is 10896179 + -11?
10896168
In base 7, what is -130262 - -1253?
-126006
In base 3, what is -22112221212 + -11221?
-22120010210
In base 16, what is 104e9b9 + -3?
104e9b6
In base 9, what is -4 + -581335122?
-581335126
In base 15, what is 8 - d42cc6?
-d42cbd
In base 9, what is -1 + 5550472?
5550471
In base 16, what is 27fdfd + 6?
27fe03
In base 5, what is -4 - -114001004201?
114001004142
In base 3, what is 21202221002001 - 222?
21202221001002
In base 8, what is -1521 - 107?
-1630
In base 8, what is 1271740236 - -3?
1271740241
In base 6, what is -340153 - -21311?
-314442
In base 12, what is -4507 - 935?
-5240
In base 11, what is -5076 - 2a0?
-5366
In base 12, what is 1 - 2236909?
-2236908
In base 4, what is 111 - 100123032103?
-100123031332
In base 5, what is 1032 - 24124?
-23042
In base 3, what is 1011221112111020112 - -10?
1011221112111020122
In base 14, what is 25059b - dc?
25049d
In base 5, what is 2 + -2104410332?
-2104410330
In base 6, what is -155514325 + -1?
-155514330
In base 3, what is 11 - 10102020012010?
-10102020011222
In base 9, what is 1472367020 - 0?
1472367020
In base 10, what is 368 + -25948?
-25580
In base 8, what is -134240741 - -4?
-134240735
In base 10, what is -27184 + -3?
-27187
In base 15, what is -4 - 8e8c0a?
-8e8c0e
In base 15, what is -e9a9ac9 - -3?
-e9a9ac6
In base 15, what is 40031 + 18?
40049
In base 14, what is -5 + 13575a8?
13575a3
In base 16, what is -20fb0c - 1?
-20fb0d
In base 3, what is 212121012220210 + 102?
212121012221012
In base 9, what is 8566 + 1274?
10851
In base 13, what is -9937 - -4264?
-56a3
In base 12, what is 162 + -380a6?
-37b44
In base 9, what is 138465 - -806?
140372
In base 6, what is -443550113 - 4?
-443550121
In base 